{"id":435,"date":"2022-08-01T20:28:39","date_gmt":"2022-08-01T19:28:39","guid":{"rendered":"https:\/\/www.allatpanzio.com\/?page_id=435"},"modified":"2023-08-28T16:33:59","modified_gmt":"2023-08-28T15:33:59","slug":"rolunk","status":"publish","type":"page","link":"https:\/\/www.allatpanzio.com\/?page_id=435","title":{"rendered":"R\u00f3lunk"},"content":{"rendered":"<div   class='avia-fullscreen-slider main_color   avia-builder-el-0  el_before_av_one_full  avia-builder-el-first  container_wrap fullsize'  >\n<style type=\"text\/css\" data-created_by=\"avia_inline_auto\" id=\"style-css-av-l6cl85yc-1b4c74c0e9ed82f4448a82731664a8a6\">\n#top #wrap_all .avia-slideshow .av-slideshow-caption.av-l6cl85yc-1b4c74c0e9ed82f4448a82731664a8a6__0 .avia-caption-title{\nfont-size:40px;\ncolor:#000000;\n}\n#top .avia-slideshow .av-slideshow-caption.av-l6cl85yc-1b4c74c0e9ed82f4448a82731664a8a6__0 .avia-caption-content{\nfont-size:25px;\ncolor:#000000;\n}\n#top .avia-slideshow .av-slideshow-caption.av-l6cl85yc-1b4c74c0e9ed82f4448a82731664a8a6__0 .avia-caption-content p{\nfont-size:25px;\n}\n<\/style>\n<div  class='avia-slideshow av-l6cl85yc-1b4c74c0e9ed82f4448a82731664a8a6 avia-slideshow-extra_large av_fullscreen avia-slide-slider av-slideshow-ui av-control-default av-slideshow-manual av-loop-once av-loop-manual-endless av-default-height-applied   avia-slideshow-1' data-slideshow-options=\"{&quot;animation&quot;:&quot;slide&quot;,&quot;autoplay&quot;:false,&quot;loop_autoplay&quot;:&quot;once&quot;,&quot;interval&quot;:5,&quot;loop_manual&quot;:&quot;manual-endless&quot;,&quot;autoplay_stopper&quot;:false,&quot;noNavigation&quot;:false,&quot;bg_slider&quot;:true,&quot;keep_padding&quot;:false,&quot;hoverpause&quot;:false,&quot;show_slide_delay&quot;:0,&quot;slide_height&quot;:&quot;100&quot;,&quot;image_attachment&quot;:&quot;&quot;}\"  itemprop=\"image\" itemscope=\"itemscope\" itemtype=\"https:\/\/schema.org\/ImageObject\" ><ul class='avia-slideshow-inner ' style='padding-bottom: 66.71875%;'><li style='background-position:center center;' data-img-url='https:\/\/www.allatpanzio.com\/wp-content\/uploads\/2022\/08\/animal-gd13d1acb3_640.jpg' class='avia-slideshow-slide av-l6cl85yc-1b4c74c0e9ed82f4448a82731664a8a6__0  slide-1 slide-odd'><div data-rel='slideshow-1' class='avia-slide-wrap '   ><div class='av-slideshow-caption av-l6cl85yc-1b4c74c0e9ed82f4448a82731664a8a6__0 caption_fullwidth caption_center'><div class=\"container caption_container\"><div class=\"slideshow_caption\"><div class=\"slideshow_inner_caption\"><div class=\"slideshow_align_caption\"><h2 class='avia-caption-title '  itemprop=\"name\" >R\u00f3lunk<\/h2><div class='avia-caption-content av_inherit_color'  itemprop=\"description\" ><p>Az \u00e1llattart\u00e1s felel\u0151ss\u00e9g: etesd, szeresd, gondozd.<\/p>\n<\/div><\/div><\/div><\/div><\/div><\/div><\/div><\/li><li style='background-position:center center;' data-img-url='https:\/\/www.allatpanzio.com\/wp-content\/uploads\/2023\/08\/Rolunk_kep.png' class='avia-slideshow-slide av-l6cl85yc-1b4c74c0e9ed82f4448a82731664a8a6__1  slide-2 slide-even'><div data-rel='slideshow-1' class='avia-slide-wrap '   ><\/div><\/li><\/ul><div class='avia-slideshow-arrows avia-slideshow-controls' ><a href='#prev' class='prev-slide ' aria-hidden='true' data-av_icon='\ue87c' data-av_iconfont='entypo-fontello'  tabindex='-1'>El\u0151z\u0151<\/a><a href='#next' class='next-slide ' aria-hidden='true' data-av_icon='\ue87d' data-av_iconfont='entypo-fontello'  tabindex='-1'>K\u00f6vetkez\u0151<\/a><\/div><div class='avia-slideshow-dots avia-slideshow-controls'><a href='#1' class='goto-slide active' >1<\/a><a href='#2' class='goto-slide ' >2<\/a><\/div><\/div><\/div><div id='after_full_slider_1'  class='main_color av_default_container_wrap container_wrap fullsize'  ><div class='container av-section-cont-open' ><div class='template-page content  av-content-full alpha units'><div class='post-entry post-entry-type-page post-entry-435'><div class='entry-content-wrapper clearfix'>\n<div class='flex_column av-av_one_full-a961ec8c42a44a397321d1a2224da3ca av_one_full  avia-builder-el-1  el_after_av_fullscreen  el_before_av_one_half  avia-builder-el-first  first flex_column_div '     ><style type=\"text\/css\" data-created_by=\"avia_inline_auto\" id=\"style-css-av-llv0z6cv-8ecfc515c8ff96001cc6b3d18bd2addd\">\n.avia-image-container.av-llv0z6cv-8ecfc515c8ff96001cc6b3d18bd2addd img.avia_image{\nbox-shadow:none;\n}\n.avia-image-container.av-llv0z6cv-8ecfc515c8ff96001cc6b3d18bd2addd .av-image-caption-overlay-center{\ncolor:#ffffff;\n}\n<\/style>\n<div  class='avia-image-container av-llv0z6cv-8ecfc515c8ff96001cc6b3d18bd2addd av-styling- avia-align-center  avia-builder-el-2  avia-builder-el-no-sibling '   itemprop=\"image\" itemscope=\"itemscope\" itemtype=\"https:\/\/schema.org\/ImageObject\" ><div class=\"avia-image-container-inner\"><div class=\"avia-image-overlay-wrap\"><img decoding=\"async\" class='wp-image-764 avia-img-lazy-loading-not-764 avia_image ' src=\"https:\/\/www.allatpanzio.com\/wp-content\/uploads\/2023\/08\/Rolunk_kep-495x400.png\" alt='' title='Rolunk_kep'  height=\"400\" width=\"495\"  itemprop=\"thumbnailUrl\" srcset=\"https:\/\/www.allatpanzio.com\/wp-content\/uploads\/2023\/08\/Rolunk_kep-495x400.png 495w, https:\/\/www.allatpanzio.com\/wp-content\/uploads\/2023\/08\/Rolunk_kep-845x684.png 845w\" sizes=\"(max-width: 495px) 100vw, 495px\" \/><\/div><\/div><\/div><\/div><div class='flex_column av-hlkz7-d4d8c1d044d7ecc4af997f37a72a49b4 av_one_half  avia-builder-el-3  el_after_av_one_full  el_before_av_one_half  first flex_column_div column-top-margin'     ><style type=\"text\/css\" data-created_by=\"avia_inline_auto\" id=\"style-css-av-l6cmgq6e-5b8a259b604c5287c4fb01ac3ce34bbc\">\n#top .av_textblock_section.av-l6cmgq6e-5b8a259b604c5287c4fb01ac3ce34bbc .avia_textblock{\nfont-size:15px;\n}\n<\/style>\n<section  class='av_textblock_section av-l6cmgq6e-5b8a259b604c5287c4fb01ac3ce34bbc'  itemscope=\"itemscope\" itemtype=\"https:\/\/schema.org\/CreativeWork\" ><div class='avia_textblock'  itemprop=\"text\" ><p>A Panzi\u00f3t \u00e9s a Kutyaiskol\u00e1t Csal\u00e1dilag vezetj\u00fck, mindenki kiveszi a r\u00e9sz\u00e9t a feladatok ell\u00e1t\u00e1s\u00e1ban. T\u00f6bb, mint 30 \u00e9ves kuty\u00e1s m\u00faltra tekintek vissza. A kutyusaim, cic\u00e1im mindig csal\u00e1dunk r\u00e9sz\u00e9t k\u00e9pezt\u00e9k. Ezt a csal\u00e1dias hangulatot pr\u00f3b\u00e1ljuk \u00e1t\u00fcltetni a Panzi\u00f3 \u00e9s az iskola l\u00e9gk\u00f6r\u00e9be, ahov\u00e1 kis l\u00e9tsz\u00e1mban v\u00e1rjuk a leend\u0151 Pajt\u00e1sokat. Saj\u00e1t kuty\u00e1ink mellett falk\u00e1ban, szabadon. Kennel n\u00e9lk\u00fcl! 2017. \u00f3ta ideiglenes befogad\u00f3 vagyok, majd 2019-ben kutyakik\u00e9pz\u0151 iskol\u00e1ba j\u00e1rtam, 21-t\u0151l csal\u00e1di kuty\u00e1zom alap, k\u00f6z\u00e9pfokon. Kuty\u00e1s sportok k\u00f6z\u00fcl hoopers instruktor v\u00e9gzetts\u00e9get szereztem, kuty\u00e1immal beleszagoltunk a szimatsuli \u00e9s a mantrailing vil\u00e1g\u00e1ba. 2022-ben a rehabilit\u00e1ci\u00f3s \u00e9s engedelmes kutyakik\u00e9pz\u0151 tanfolyamokat v\u00e9geztem. Id\u00e9n kutya rehabilit\u00e1ci\u00f3s tov\u00e1bbk\u00e9pz\u00e9sen rehabilit\u00e1ci\u00f3s tr\u00e9ner k\u00e9pes\u00edt\u00e9st szereztem. \u00c9s nincs meg\u00e1ll\u00e1s :)))&#8221; A kuty\u00e1z\u00e1s tanul\u00e1s\u00e1nak soha nincs v\u00e9ge.<\/p>\n<p>Sz\u00e1momra most egy teljesen \u00faj ter\u00fcletre t\u00e9vedtem. A kuty\u00e1k rehabilit\u00e1l\u00e1sa ut\u00e1n az emberek seg\u00edt\u00e9se fel\u00e9 indult el utunk.<\/p>\n<p>#kutyapanzio #kutyanapkozi #kutyaiskola #kutyassport #felugyeltkutyafuttato #allatpanzio #cicapanzio #kutyaszocializacio #kutyarehabilitacio<\/p>\n<\/div><\/section><\/div><\/p>\n<div class='flex_column av-b4k37-b575f91e08b21330514e0fc07a5fd2aa av_one_half  avia-builder-el-5  el_after_av_one_half  el_before_av_one_half  flex_column_div column-top-margin'     ><style type=\"text\/css\" data-created_by=\"avia_inline_auto\" id=\"style-css-av-l6cmdj7w-0cbea3b0f28a0992c3b58a6f682e869f\">\n.avia-image-container.av-l6cmdj7w-0cbea3b0f28a0992c3b58a6f682e869f img.avia_image{\nbox-shadow:none;\n}\n.avia-image-container.av-l6cmdj7w-0cbea3b0f28a0992c3b58a6f682e869f .av-image-caption-overlay-center{\ncolor:#ffffff;\n}\n<\/style>\n<div  class='avia-image-container av-l6cmdj7w-0cbea3b0f28a0992c3b58a6f682e869f av-styling- avia-align-center  avia-builder-el-6  avia-builder-el-no-sibling '   itemprop=\"image\" itemscope=\"itemscope\" itemtype=\"https:\/\/schema.org\/ImageObject\" ><div class=\"avia-image-container-inner\"><div class=\"avia-image-overlay-wrap\"><img decoding=\"async\" class='wp-image-524 avia-img-lazy-loading-not-524 avia_image ' src=\"https:\/\/www.allatpanzio.com\/wp-content\/uploads\/2022\/08\/Kutyabaratok-masolat-1030x551.jpg\" alt='' title='Kutyabar\u00e1tok m\u00e1solat'  height=\"551\" width=\"1030\"  itemprop=\"thumbnailUrl\" srcset=\"https:\/\/www.allatpanzio.com\/wp-content\/uploads\/2022\/08\/Kutyabaratok-masolat-1030x551.jpg 1030w, https:\/\/www.allatpanzio.com\/wp-content\/uploads\/2022\/08\/Kutyabaratok-masolat-300x160.jpg 300w, https:\/\/www.allatpanzio.com\/wp-content\/uploads\/2022\/08\/Kutyabaratok-masolat-768x411.jpg 768w, https:\/\/www.allatpanzio.com\/wp-content\/uploads\/2022\/08\/Kutyabaratok-masolat-1536x821.jpg 1536w, https:\/\/www.allatpanzio.com\/wp-content\/uploads\/2022\/08\/Kutyabaratok-masolat-2048x1095.jpg 2048w, https:\/\/www.allatpanzio.com\/wp-content\/uploads\/2022\/08\/Kutyabaratok-masolat-1500x802.jpg 1500w, https:\/\/www.allatpanzio.com\/wp-content\/uploads\/2022\/08\/Kutyabaratok-masolat-705x377.jpg 705w\" sizes=\"(max-width: 1030px) 100vw, 1030px\" \/><\/div><\/div><\/div><\/div>\n<div class='flex_column av-ga0sb-9e1375eb4e4a198beee6fabacdc79888 av_one_half  avia-builder-el-7  el_after_av_one_half  el_before_av_one_half  first flex_column_div column-top-margin'     ><style type=\"text\/css\" data-created_by=\"avia_inline_auto\" id=\"style-css-av-l6cmtucd-6f340d58e422e68adec0620c26fed13f\">\n.avia-image-container.av-l6cmtucd-6f340d58e422e68adec0620c26fed13f img.avia_image{\nbox-shadow:none;\n}\n.avia-image-container.av-l6cmtucd-6f340d58e422e68adec0620c26fed13f .av-image-caption-overlay-center{\ncolor:#ffffff;\n}\n<\/style>\n<div  class='avia-image-container av-l6cmtucd-6f340d58e422e68adec0620c26fed13f av-styling- avia-align-center  avia-builder-el-8  avia-builder-el-no-sibling '   itemprop=\"image\" itemscope=\"itemscope\" itemtype=\"https:\/\/schema.org\/ImageObject\" ><div class=\"avia-image-container-inner\"><div class=\"avia-image-overlay-wrap\"><img decoding=\"async\" class='wp-image-530 avia-img-lazy-loading-not-530 avia_image ' src=\"https:\/\/www.allatpanzio.com\/wp-content\/uploads\/2022\/08\/cica-plussel-masolat-1030x774.jpg\" alt='' title='cica pl\u00fcssel m\u00e1solat'  height=\"774\" width=\"1030\"  itemprop=\"thumbnailUrl\" srcset=\"https:\/\/www.allatpanzio.com\/wp-content\/uploads\/2022\/08\/cica-plussel-masolat-1030x774.jpg 1030w, https:\/\/www.allatpanzio.com\/wp-content\/uploads\/2022\/08\/cica-plussel-masolat-300x225.jpg 300w, https:\/\/www.allatpanzio.com\/wp-content\/uploads\/2022\/08\/cica-plussel-masolat-768x577.jpg 768w, https:\/\/www.allatpanzio.com\/wp-content\/uploads\/2022\/08\/cica-plussel-masolat-705x530.jpg 705w, https:\/\/www.allatpanzio.com\/wp-content\/uploads\/2022\/08\/cica-plussel-masolat.jpg 1417w\" sizes=\"(max-width: 1030px) 100vw, 1030px\" \/><\/div><\/div><\/div><\/div>\n<div class='flex_column av-9foqb-e98fd67211dc8ca70bc89cb59965837e av_one_half  avia-builder-el-9  el_after_av_one_half  avia-builder-el-last  flex_column_div column-top-margin'     ><style type=\"text\/css\" data-created_by=\"avia_inline_auto\" id=\"style-css-av-l6cmuwzb-3d0afdb315d673800f30c23b2d298a7f\">\n#top .av_textblock_section.av-l6cmuwzb-3d0afdb315d673800f30c23b2d298a7f .avia_textblock{\nfont-size:15px;\n}\n<\/style>\n<section  class='av_textblock_section av-l6cmuwzb-3d0afdb315d673800f30c23b2d298a7f'  itemscope=\"itemscope\" itemtype=\"https:\/\/schema.org\/CreativeWork\" ><div class='avia_textblock'  itemprop=\"text\" ><p>Szolg\u00e1ltat\u00e1saink k\u00f6z\u00f6tt van a\u00a0<strong>Napk\u00f6ziztet\u00e9s<\/strong>\u00a0\u00e9s a\u00a0<strong>Panzi\u00f3<\/strong>: saj\u00e1t kuty\u00e1inkkal csal\u00e1di h\u00e1zn\u00e1l udvaron, vagy lak\u00e1sban. Mi is itt \u00e9l\u00fcnk a Vend\u00e9g kutyusok vel\u00fcnk vannak 0-24 \u00f3r\u00e1ban. A saj\u00e1t kert\u00fcnkben \u00e9s h\u00e1zunkban. Olyan k\u00f6r\u00fclm\u00e9nyek k\u00f6z\u00f6tt, mintha otthon lenn\u00e9nek. Nincsenek bez\u00e1rva, nem vony\u00edtj\u00e1k \u00e1t az eg\u00e9sz \u00e9jszak\u00e1t stb. A kinti kutyusok a kertben tal\u00e1lhatj\u00e1k meg a nekik kedvez\u0151 helyet a pihen\u00e9sre ez lehet csak az udvar, vagy kutyah\u00e1z is, de ak\u00e1r egy bokor alja is. A \u201cbenti\u201d kutyusok napk\u00f6zben kint-bent tart\u00f3zkodnak az \u00e9jszak\u00e1t a h\u00e1zban t\u00f6ltik saj\u00e1t hozott fekv\u0151hely\u00fck\u00f6n, vagy \u00e1ltalunk biztos\u00edtott fekhelyeken. A Panzi\u00f3 ter\u00fclet\u00e9re csak a Kedvencek j\u00f6hetnek be, nincs lehet\u0151s\u00e9g a Gazdiknak a k\u00f6rben\u00e9z\u00e9sre. Erre a gal\u00e9ri\u00e1ban szerepl\u0151 f\u00e9nyk\u00e9pek szolg\u00e1lnak, illetve \u00c1llatpanzi\u00f3 Monty facebook oldalunkon szerepl\u0151 napi k\u00e9pek.<\/p>\n<p><strong>Kutyfuti<\/strong>,\u00a0<strong>kutyaovi<\/strong>, csal\u00e1di kutya<strong>\u00a0oktat\u00e1s<\/strong>\u00e1t\u00f3l az \u0151rz\u0151- v\u00e9d\u0151ig: A k\u00e9pz\u00e9sekre k\u00f6zel egy hekt\u00e1ros ter\u00fclet \u00e1ll rendelkez\u00e9sre.<\/p>\n<\/div><\/section><\/div>\n","protected":false},"excerpt":{"rendered":"","protected":false},"author":1,"featured_media":0,"parent":0,"menu_order":0,"comment_status":"closed","ping_status":"closed","template":"","meta":{"footnotes":""},"class_list":["post-435","page","type-page","status-publish","hentry"],"_links":{"self":[{"href":"https:\/\/www.allatpanzio.com\/index.php?rest_route=\/wp\/v2\/pages\/435","targetHints":{"allow":["GET"]}}],"collection":[{"href":"https:\/\/www.allatpanzio.com\/index.php?rest_route=\/wp\/v2\/pages"}],"about":[{"href":"https:\/\/www.allatpanzio.com\/index.php?rest_route=\/wp\/v2\/types\/page"}],"author":[{"embeddable":true,"href":"https:\/\/www.allatpanzio.com\/index.php?rest_route=\/wp\/v2\/users\/1"}],"replies":[{"embeddable":true,"href":"https:\/\/www.allatpanzio.com\/index.php?rest_route=%2Fwp%2Fv2%2Fcomments&post=435"}],"version-history":[{"count":17,"href":"https:\/\/www.allatpanzio.com\/index.php?rest_route=\/wp\/v2\/pages\/435\/revisions"}],"predecessor-version":[{"id":521,"href":"https:\/\/www.allatpanzio.com\/index.php?rest_route=\/wp\/v2\/pages\/435\/revisions\/521"}],"wp:attachment":[{"href":"https:\/\/www.allatpanzio.com\/index.php?rest_route=%2Fwp%2Fv2%2Fmedia&parent=435"}],"curies":[{"name":"wp","href":"https:\/\/api.w.org\/{rel}","templated":true}]}}